when 15 is divided by 15?
0
What is the remainder when 14749 is divided by 33?
31
Calculate the remainder when 758 is divided by 87.
62
What is the remainder when 2237 is divided by 59?
54
Calculate the remainder when 81 is divided by 6.
3
What is the remainder when 28173 is divided by 24?
21
What is the remainder when 290 is divided by 77?
59
Calculate the remainder when 367 is divided by 150.
67
Calculate the remainder when 327 is divided by 48.
39
What is the remainder when 240 is divided by 79?
3
Calculate the remainder when 91 is divided by 46.
45
Calculate the remainder when 447 is divided by 50.
47
What is the remainder when 501 is divided by 176?
149
What is the remainder when 656 is divided by 22?
18
Calculate the remainder when 9047 is divided by 232.
231
What is the remainder when 547 is divided by 79?
73
Calculate the remainder when 1733 is divided by 224.
165
Calculate the remainder when 309 is divided by 80.
69
Calculate the remainder when 151 is divided by 14.
11
What is the remainder when 1792 is divided by 19?
6
Calculate the remainder when 673 is divided by 47.
15
Calculate the remainder when 292 is divided by 8.
4
What is the remainder when 3309 is divided by 18?
15
What is the remainder when 550 is divided by 116?
86
Calculate the remainder when 1088 is divided by 314.
146
What is the remainder when 267 is divided by 54?
51
What is the remainder when 223 is divided by 35?
13
What is the remainder when 358 is divided by 28?
22
What is the remainder when 206 is divided by 19?
16
What is the remainder when 364 is divided by 8?
4
What is the remainder when 2724 is divided by 903?
15
What is the remainder when 175 is divided by 8?
7
Calculate the remainder when 123 is divided by 113.
10
Calculate the remainder when 73 is divided by 43.
30
What is the remainder when 405 is divided by 63?
27
What is the remainder when 1913 is divided by 87?
86
Calculate the remainder when 172 is divided by 5.
2
What is the remainder when 519 is divided by 15?
9
What is the remainder when 7218 is divided by 19?
17
What is the remainder when 175 is divided by 28?
7
Calculate the remainder when 5795 is divided by 13.
10
What is the remainder when 4418 is divided by 56?
50
What is the remainder when 1471 is divided by 99?
85
Calculate the remainder when 272 is divided by 13.
12
What is the remainder when 1717 is divided by 2?
1
What is the remainder when 1246 is divided by 77?
14
What is the remainder when 37668 is divided by 483?
477
What is the remainder when 299 is divided by 7?
5
What is the remainder when 493 is divided by 174?
145
What is the remainder when 766 is divided by 14?
10
What is the remainder when 202 is divided by 123?
79
Calculate the remainder when 698 is divided by 26.
22
Calculate the remainder when 489 is divided by 35.
34
What is the remainder when 100 is divided by 43?
14
What is the remainder when 154 is divided by 27?
19
What is the remainder when 46018 is divided by 26?
24
What is the remainder when 51 is divided by 8?
3
What is the remainder when 522 is divided by 512?
10
Calculate the remainder when 1840 is divided by 453.
28
What is the remainder when 1817 is divided by 20?
17
Calculate the remainder when 131 is divided by 87.
44
Calculate the remainder when 107 is divided by 24.
11
Calculate the remainder when 434 is divided by 45.
29
Calculate the remainder when 17 is divided by 11.
6
What is the remainder when 21 is divided by 6?
3
Calculate the remainder when 342 is divided by 64.
22
What is the remainder when 199 is divided by 69?
61
Calculate the remainder when 816 is divided by 19.
18
What is the remainder when 91 is divided by 80?
11
Calculate the remainder when 129 is divided by 48.
33
What is the remainder when 156 is divided by 7?
2
What is the remainder when 82 is divided by 20?
2
What is the remainder when 343 is divided by 57?
1
What is the remainder when 3602 is divided by 21?
11
Calculate the remainder when 127 is divided by 6.
1
What is the remainder when 51 is divided by 11?
7
Calculate the remainder when 907 is divided by 13.
10
What is the remainder when 1580 is divided by 56?
12
What is the remainder when 24 is divided by 18?
6
Calculate the remainder when 233 is divided by 48.
41
What is the remainder when 2444 is divided by 135?
14
What is the remainder when 832 is divided by 60?
52
Calculate the remainder when 1132 is divided by 37.
22
Calculate the remainder when 6967 is divided by 49.
9
Calculate the remainder when 1071 is divided by 125.
71
Calculate the remainder when 2625 is divided by 100.
25
Calculate the remainder when 367 is divided by 261.
106
What is the remainder when 39 is divided by 17?
5
What is the remainder when 1981 is divided by 153?
145
Calculate the remainder when 385 is divided by 101.
82
What is the remainder when 138 is divided by 65?
8
Calculate the remainder when 187 is divided by 8.
3
Calculate the remainder when 99 is divided by 51.
48
What is the remainder when 3946 is divided by 98?
26
Calculate the remainder when 1719 is divided by 37.
17
What is the remainder when 2003 is divided by 95?
8
Calculate the remainder when 155 is divided by 132.
23
What is the remainder when 301 is divided by 28?
21
Calculate the remainder when 772 is divided by 17.
7
Calculate the remainder when 4893 is divided by 33.
9
Calculate the remainder when 2318 is divided by 64.
14
Calculate the remainder when 702 is divided by 50.
2
Calculate the remainder when 62 is divided by 9.
8
Calculate the remainder when 2729 is divided by 15.
14
Calculate the remainder when 1274 is divided by 40.
34
Calculate the remainder when 59 is divided by 14.
3
What is the remainder when 1700 is divided by 339?
5
Calculate the remainder when 608 is divided by 21.
20
Calculate the remainder when 390 is divided by 125.
15
What is the remainder when 993 is divided by 269?
186
What is the remainder when 751 is divided by 366?
19
What is the remainder when 1587 is divided by 267?
252
What is the remainder when 205 is divided by 190?
15
Calculate the remainder when 3595 is divided by 6.
1
Calculate the remainder when 6 is divided by 4.
2
Calculate the remainder when 1024 is divided by 36.
16
Calculate the remainder when 700 is divided by 8.
4
Calculate the remainder when 637 is divided by 210.
7
What is the remainder when 6093 is divided by 11?
10
Calculate the remainder when 1255 is divided by 28.
23
What is the remainder when 829 is divided by 46?
1
Calculate the remainder when 1286 is divided by 28.
26
What is the remainder when 345 is divided by 16?
9
Calculate the remainder when 11878 is divided by 60.
58
What is the remainder when 1132 is divided by 469?
194
Calculate the remainder when 659 is divided by 64.
19
What is the remainder when 505 is divided by 46?
45
Calculate the remainder when 3138 is divided by 157.
155
Calculate the remainder when 343 is divided by 77.
35
What is the remainder when 218 is divided by 9?
2
Calculate the remainder when 886 is divided by 175.
11
Calculate the remainder when 557 is divided by 64.
45
Calculate the remainder when 109 is divided by 44.
21
What is the remainder when 451 is divided by 35?
31
What is the remainder when 447 is divided by 15?
12
What is the remainder when 266 is divided by 117?
32
Calculate the remainder when 18 is divided by 15.
3
What is the remainder when 358 is divided by 41?
30
Calculate the remainder when 439 is divided by 137.
28
Calculate the remainder when 766 is divided by 160.
126
What is the remainder when 4228 is divided by 18?
16
What is the remainder when 1677 is divided by 30?
27
Calculate the remainder when 5453 is divided by 4.
1
What is the remainder when 4158 is divided by 26?
24
Calculate the remainder when 273 is divided by 43.
15
What is the remainder when 5022 is divided by 239?
3
Calculate the remainder when 349 is divided by 40.
29
Calculate the remainder when 5060 is divided by 241.
240
What is the remainder when 104 is divided by 30?
14
Calculate the remainder when 412 is divided by 71.
57
What is the remainder when 176 is divided by 71?
34
Calculate the remainder when 172 is divided by 29.
27
What is the remainder when 145 is divided by 10?
5
What is the remainder when 3445 is divided by 30?
25
What is the remainder when 179 is